{"id":73,"date":"2024-11-16T15:20:28","date_gmt":"2024-11-16T15:20:28","guid":{"rendered":"https:\/\/www.anukampamindfulness.es\/?page_id=73"},"modified":"2024-12-14T21:15:45","modified_gmt":"2024-12-14T21:15:45","slug":"desarrollo-personal","status":"publish","type":"page","link":"https:\/\/www.anukampamindfulness.es\/index.php\/desarrollo-personal\/","title":{"rendered":"Desarrollo Personal"},"content":{"rendered":"<p>[et_pb_section fb_built=\u00bb1&#8243; _builder_version=\u00bb4.23.1&#8243; _module_preset=\u00bbdefault\u00bb background_image=\u00bbhttps:\/\/www.anukampamindfulness.es\/wp-content\/uploads\/2024\/11\/Sin-titulo-1200-x-628-px-10.png\u00bb custom_padding=\u00bb77px||11px|||\u00bb global_colors_info=\u00bb{}\u00bb theme_builder_area=\u00bbpost_content\u00bb][et_pb_row _builder_version=\u00bb4.23.1&#8243; _module_preset=\u00bbdefault\u00bb global_colors_info=\u00bb{}\u00bb theme_builder_area=\u00bbpost_content\u00bb][et_pb_column type=\u00bb4_4&#8243; _builder_version=\u00bb4.23.1&#8243; _module_preset=\u00bbdefault\u00bb global_colors_info=\u00bb{}\u00bb theme_builder_area=\u00bbpost_content\u00bb][et_pb_text _builder_version=\u00bb4.23.1&#8243; _module_preset=\u00bbdefault\u00bb header_text_color=\u00bb#FFFFFF\u00bb hover_enabled=\u00bb0&#8243; global_colors_info=\u00bb{}\u00bb theme_builder_area=\u00bbpost_content\u00bb sticky_enabled=\u00bb0&#8243;]<\/p>\n<h1 style=\"text-align: center;\">Desarrollo Personal\u00a0<\/h1>\n<p>[\/et_pb_text][et_pb_image src=\u00bbhttps:\/\/www.anukampamindfulness.es\/wp-content\/uploads\/2024\/11\/Anadir-un-subtitulo-1080-x-1920-px-1200-x-1200-px-24.png\u00bb title_text=\u00bbAn\u0303adir un subti\u0301tulo (1080 x 1920 px) (1200 x 1200 px) (24)\u00bb align=\u00bbcenter\u00bb _builder_version=\u00bb4.23.1&#8243; _module_preset=\u00bbdefault\u00bb max_width=\u00bb30%\u00bb module_alignment=\u00bbcenter\u00bb animation_style=\u00bbroll\u00bb hover_enabled=\u00bb0&#8243; global_colors_info=\u00bb{}\u00bb theme_builder_area=\u00bbpost_content\u00bb sticky_enabled=\u00bb0&#8243;][\/et_pb_image][\/et_pb_column][\/et_pb_row][\/et_pb_section][et_pb_section fb_built=\u00bb1&#8243; _builder_version=\u00bb4.23.1&#8243; _module_preset=\u00bbdefault\u00bb background_enable_image=\u00bboff\u00bb global_colors_info=\u00bb{}\u00bb][et_pb_row column_structure=\u00bb3_5,2_5&#8243; _builder_version=\u00bb4.23.1&#8243; _module_preset=\u00bbdefault\u00bb global_colors_info=\u00bb{}\u00bb][et_pb_column type=\u00bb3_5&#8243; _builder_version=\u00bb4.23.1&#8243; _module_preset=\u00bbdefault\u00bb global_colors_info=\u00bb{}\u00bb][et_pb_text _builder_version=\u00bb4.23.1&#8243; _module_preset=\u00bbdefault\u00bb inline_fonts=\u00bbrutilingos,Aboreto\u00bb global_colors_info=\u00bb{}\u00bb]<\/p>\n<h1 class=\"p1\"><span style=\"font-family: rutilingos;\">Integrando Mindfulness y\u00a0 Yoga<\/span><\/h1>\n<h2 class=\"p1\"><span style=\"font-family: Aboreto; font-weight: normal;\">Pr\u00e1cticas Transformadoras<\/span><\/h2>\n<p>[\/et_pb_text][et_pb_divider color=\u00bb#E09900&#8243; divider_weight=\u00bb3px\u00bb _builder_version=\u00bb4.23.1&#8243; _module_preset=\u00bbdefault\u00bb global_colors_info=\u00bb{}\u00bb][\/et_pb_divider][et_pb_text _builder_version=\u00bb4.23.1&#8243; _module_preset=\u00bbdefault\u00bb global_colors_info=\u00bb{}\u00bb]<\/p>\n<p class=\"p1\" style=\"text-align: justify;\">A lo largo de estos talleres, nos sumergiremos en las diferentes formas en que el mindfulness y el yoga pueden transformar nuestra vida diaria.<\/p>\n<p class=\"p1\" style=\"text-align: justify;\">Mediante diversas t\u00e9cnicas y enfoques, descubriremos los profundos beneficios que estas pr\u00e1cticas pueden aportar, ayud\u00e1ndonos a vivir con m\u00e1s plenitud, serenidad y salud.<\/p>\n<p class=\"p1\" style=\"text-align: justify;\">Nuestros talleres est\u00e1n cuidadosamente estructurados para ofrecerte una experiencia de aprendizaje progresiva y pr\u00e1ctica. No solo te introducir\u00e1s en la\u00a0<b>meditaci\u00f3n, el mindfulness y el yoga<\/b>\u00a0de una manera accesible y gradual, sino que tambi\u00e9n <strong>tendr\u00e1s la oportunidad de explorar y experimentar nuevas formas de conectar con tu cuerpo y mente.<\/strong><\/p>\n<p class=\"p1\" style=\"text-align: justify;\">Este <strong>enfoque es innovador y distinto,<\/strong> alej\u00e1ndose de los m\u00e9todos tradicionales de ense\u00f1anza para <strong>ofrecerte una experiencia colaborativa y vivencial, donde cada participante es protagonista de su propio proceso de crecimiento.<\/strong><\/p>\n<p class=\"p2\" style=\"text-align: justify;\"><strong>El bienestar<\/strong> no es algo que simplemente sucede;<strong> es algo que podemos cultivar activamente.<\/strong> A trav\u00e9s de estos talleres, aprender\u00e1s a adoptar patrones de conducta y relaci\u00f3n que promuevan la calma, la conexi\u00f3n y la salud en tu vida. Es un proceso de <strong>desaprender creencias limitantes y abrazar una nueva forma de ver la realidad,<\/strong> una que est\u00e9 impregnada de <strong>claridad, comprensi\u00f3n y amabilidad.<\/strong><\/p>\n<p>[\/et_pb_text][\/et_pb_column][et_pb_column type=\u00bb2_5&#8243; _builder_version=\u00bb4.23.1&#8243; _module_preset=\u00bbdefault\u00bb global_colors_info=\u00bb{}\u00bb][et_pb_image src=\u00bbhttps:\/\/www.anukampamindfulness.es\/wp-content\/uploads\/2024\/11\/Diseno-sin-titulo-2024-11-16T162928.192.png\u00bb title_text=\u00bbDisen\u0303o sin ti\u0301tulo &#8211; 2024-11-16T162928.192&#8243; _builder_version=\u00bb4.23.1&#8243; _module_preset=\u00bbdefault\u00bb custom_padding=\u00bb145px|||||\u00bb global_colors_info=\u00bb{}\u00bb][\/et_pb_image][et_pb_image src=\u00bbhttps:\/\/www.anukampamindfulness.es\/wp-content\/uploads\/2024\/11\/Anadir-un-subtitulo-1080-x-1920-px-1200-x-1200-px-24.png\u00bb title_text=\u00bbAn\u0303adir un subti\u0301tulo (1080 x 1920 px) (1200 x 1200 px) (24)\u00bb _builder_version=\u00bb4.23.1&#8243; _module_preset=\u00bbdefault\u00bb transform_scale=\u00bb68%|68%\u00bb transform_translate=\u00bb126px|-278px\u00bb transform_translate_linked=\u00bboff\u00bb animation_style=\u00bbroll\u00bb animation_delay=\u00bb100ms\u00bb animation_intensity_roll=\u00bb94%\u00bb global_colors_info=\u00bb{}\u00bb][\/et_pb_image][\/et_pb_column][\/et_pb_row][\/et_pb_section][et_pb_section fb_built=\u00bb1&#8243; _builder_version=\u00bb4.23.1&#8243; _module_preset=\u00bbdefault\u00bb custom_padding=\u00bb||0px|||\u00bb global_colors_info=\u00bb{}\u00bb][et_pb_row _builder_version=\u00bb4.23.1&#8243; _module_preset=\u00bbdefault\u00bb custom_padding=\u00bb||1px|||\u00bb global_colors_info=\u00bb{}\u00bb][et_pb_column type=\u00bb4_4&#8243; _builder_version=\u00bb4.23.1&#8243; _module_preset=\u00bbdefault\u00bb global_colors_info=\u00bb{}\u00bb][et_pb_text _builder_version=\u00bb4.23.1&#8243; _module_preset=\u00bbdefault\u00bb inline_fonts=\u00bbhirarki,Aboreto\u00bb global_colors_info=\u00bb{}\u00bb]<\/p>\n<h1 style=\"text-align: center;\"><span style=\"font-family: rutilingos; font-weight: normal;\">Beneficios que te aporta<\/span><\/h1>\n<h1 style=\"text-align: center;\"><span style=\"font-family: Aboreto; font-weight: normal;\">MINDFULNESS Y YOGA<\/span><\/h1>\n<p>[\/et_pb_text][et_pb_divider color=\u00bb#E09900&#8243; divider_weight=\u00bb3px\u00bb _builder_version=\u00bb4.23.1&#8243; _module_preset=\u00bbdefault\u00bb global_colors_info=\u00bb{}\u00bb][\/et_pb_divider][\/et_pb_column][\/et_pb_row][\/et_pb_section][et_pb_section fb_built=\u00bb1&#8243; _builder_version=\u00bb4.23.1&#8243; _module_preset=\u00bbdefault\u00bb global_colors_info=\u00bb{}\u00bb][et_pb_row column_structure=\u00bb1_2,1_2&#8243; _builder_version=\u00bb4.23.1&#8243; _module_preset=\u00bbdefault\u00bb global_colors_info=\u00bb{}\u00bb][et_pb_column type=\u00bb1_2&#8243; _builder_version=\u00bb4.23.1&#8243; _module_preset=\u00bbdefault\u00bb global_colors_info=\u00bb{}\u00bb][et_pb_blurb title=\u00bbFortalecer Tu Confianza y Seguridad \u00bb use_icon=\u00bbon\u00bb font_icon=\u00bb&#x4e;||divi||400&#8243; icon_color=\u00bb#E09900&#8243; icon_placement=\u00bbleft\u00bb _builder_version=\u00bb4.23.1&#8243; _module_preset=\u00bbdefault\u00bb global_colors_info=\u00bb{}\u00bb]<\/p>\n<p style=\"text-align: justify;\"><b><\/b><span class=\"s1\">Te proporcionaremos herramientas y actitudes que te permitir\u00e1n enfrentar el mundo con mayor confianza y seguridad en ti mismo.<\/span><\/p>\n<p>[\/et_pb_blurb][\/et_pb_column][et_pb_column type=\u00bb1_2&#8243; _builder_version=\u00bb4.23.1&#8243; _module_preset=\u00bbdefault\u00bb global_colors_info=\u00bb{}\u00bb][et_pb_blurb title=\u00bbCultivar la Conciencia Plena\u00bb use_icon=\u00bbon\u00bb font_icon=\u00bb&#x4e;||divi||400&#8243; icon_color=\u00bb#E09900&#8243; icon_placement=\u00bbleft\u00bb _builder_version=\u00bb4.23.1&#8243; _module_preset=\u00bbdefault\u00bb global_colors_info=\u00bb{}\u00bb]<\/p>\n<p style=\"text-align: justify;\"><b><\/b><span class=\"s1\">Aprender\u00e1s a vivir el momento presente con una conciencia plena y amable, permiti\u00e9ndote disfrutar de la vida con una nueva perspectiva.<\/span><\/p>\n<p>[\/et_pb_blurb][\/et_pb_column][\/et_pb_row][et_pb_row column_structure=\u00bb1_2,1_2&#8243; _builder_version=\u00bb4.23.1&#8243; _module_preset=\u00bbdefault\u00bb global_colors_info=\u00bb{}\u00bb][et_pb_column type=\u00bb1_2&#8243; _builder_version=\u00bb4.23.1&#8243; _module_preset=\u00bbdefault\u00bb global_colors_info=\u00bb{}\u00bb][et_pb_blurb title=\u00bbConectar Cuerpo y Mente \u00bb use_icon=\u00bbon\u00bb font_icon=\u00bb&#x4e;||divi||400&#8243; icon_color=\u00bb#E09900&#8243; icon_placement=\u00bbleft\u00bb _builder_version=\u00bb4.23.1&#8243; _module_preset=\u00bbdefault\u00bb global_colors_info=\u00bb{}\u00bb]<\/p>\n<p style=\"text-align: justify;\"><b><\/b><span class=\"s1\">Desarrollar\u00e1s una pr\u00e1ctica de yoga que fortalecer\u00e1 tu cuerpo mientras calma tu mente, ayud\u00e1ndote a encontrar un equilibrio entre lo f\u00edsico y lo emocional.<\/span><\/p>\n<p>[\/et_pb_blurb][\/et_pb_column][et_pb_column type=\u00bb1_2&#8243; _builder_version=\u00bb4.23.1&#8243; _module_preset=\u00bbdefault\u00bb global_colors_info=\u00bb{}\u00bb][et_pb_blurb title=\u00bbEspacios de Reflexi\u00f3n\u00bb use_icon=\u00bbon\u00bb font_icon=\u00bb&#x4e;||divi||400&#8243; icon_color=\u00bb#E09900&#8243; icon_placement=\u00bbleft\u00bb _builder_version=\u00bb4.23.1&#8243; _module_preset=\u00bbdefault\u00bb global_colors_info=\u00bb{}\u00bb]<\/p>\n<p style=\"text-align: justify;\"><b><\/b><span class=\"s1\">Abriremos espacios para la reflexi\u00f3n y el descubrimiento, ayud\u00e1ndote a aclarar y profundizar en los temas que m\u00e1s te importan.<\/span><\/p>\n<p>[\/et_pb_blurb][\/et_pb_column][\/et_pb_row][et_pb_row column_structure=\u00bb1_2,1_2&#8243; _builder_version=\u00bb4.23.1&#8243; _module_preset=\u00bbdefault\u00bb global_colors_info=\u00bb{}\u00bb][et_pb_column type=\u00bb1_2&#8243; _builder_version=\u00bb4.23.1&#8243; _module_preset=\u00bbdefault\u00bb global_colors_info=\u00bb{}\u00bb][et_pb_blurb title=\u00bbComprensi\u00f3n Experiencial\u00bb use_icon=\u00bbon\u00bb font_icon=\u00bb&#x4e;||divi||400&#8243; icon_color=\u00bb#E09900&#8243; icon_placement=\u00bbleft\u00bb _builder_version=\u00bb4.23.1&#8243; _module_preset=\u00bbdefault\u00bb global_colors_info=\u00bb{}\u00bb]<\/p>\n<p style=\"text-align: justify;\"><b><\/b><span class=\"s1\">A trav\u00e9s de pr\u00e1cticas de atenci\u00f3n plena y yoga, aumentar\u00e1s tu comprensi\u00f3n de ti mismo y de tus experiencias, desde una perspectiva hol\u00edstica<\/span><\/p>\n<p>[\/et_pb_blurb][\/et_pb_column][et_pb_column type=\u00bb1_2&#8243; _builder_version=\u00bb4.23.1&#8243; _module_preset=\u00bbdefault\u00bb global_colors_info=\u00bb{}\u00bb][et_pb_blurb title=\u00bbConciencia Integral\u00bb use_icon=\u00bbon\u00bb font_icon=\u00bb&#x4e;||divi||400&#8243; icon_color=\u00bb#E09900&#8243; icon_placement=\u00bbleft\u00bb _builder_version=\u00bb4.23.1&#8243; _module_preset=\u00bbdefault\u00bb global_colors_info=\u00bb{}\u00bb]<\/p>\n<p><b><\/b><span class=\"s1\">Fortalece tu conexi\u00f3n con tu cuerpo, mente y emociones, integrando cada aspecto de tu ser para un bienestar m\u00e1s completo.<\/span><\/p>\n<p>[\/et_pb_blurb][\/et_pb_column][\/et_pb_row][et_pb_row column_structure=\u00bb1_2,1_2&#8243; _builder_version=\u00bb4.23.1&#8243; _module_preset=\u00bbdefault\u00bb custom_padding=\u00bb||15px|||\u00bb global_colors_info=\u00bb{}\u00bb][et_pb_column type=\u00bb1_2&#8243; _builder_version=\u00bb4.23.1&#8243; _module_preset=\u00bbdefault\u00bb global_colors_info=\u00bb{}\u00bb][et_pb_blurb title=\u00bbResiliencia ante la Adversidad\u00bb use_icon=\u00bbon\u00bb font_icon=\u00bb&#x4e;||divi||400&#8243; icon_color=\u00bb#E09900&#8243; icon_placement=\u00bbleft\u00bb _builder_version=\u00bb4.23.1&#8243; _module_preset=\u00bbdefault\u00bb global_colors_info=\u00bb{}\u00bb]<\/p>\n<p><b><\/b><span class=\"s1\">Aprende a desarrollar una resiliencia que te permita enfrentar los desaf\u00edos del d\u00eda a d\u00eda con m\u00e1s fortaleza y serenidad.<\/span><\/p>\n<p>[\/et_pb_blurb][\/et_pb_column][et_pb_column type=\u00bb1_2&#8243; _builder_version=\u00bb4.23.1&#8243; _module_preset=\u00bbdefault\u00bb global_colors_info=\u00bb{}\u00bb][et_pb_blurb title=\u00bbActitudes: \u00bb use_icon=\u00bbon\u00bb font_icon=\u00bb&#x4e;||divi||400&#8243; icon_color=\u00bb#E09900&#8243; icon_placement=\u00bbleft\u00bb _builder_version=\u00bb4.23.1&#8243; _module_preset=\u00bbdefault\u00bb global_colors_info=\u00bb{}\u00bb]<\/p>\n<p style=\"text-align: justify;\"><b><\/b><span class=\"s1\">Fomentaremos en ti actitudes esenciales para el bienestar, como la alegr\u00eda, la empat\u00eda, la amabilidad, la compasi\u00f3n, la gratitud, la aceptacion&#8230;<\/span><\/p>\n<p>[\/et_pb_blurb][\/et_pb_column][\/et_pb_row][\/et_pb_section]<\/p>\n","protected":false},"excerpt":{"rendered":"<p>Desarrollo Personal\u00a0Integrando Mindfulness y\u00a0 Yoga Pr\u00e1cticas TransformadorasA lo largo de estos talleres, nos sumergiremos en las diferentes formas en que el mindfulness y el yoga pueden transformar nuestra vida diaria. Mediante diversas t\u00e9cnicas y enfoques, descubriremos los profundos beneficios que estas pr\u00e1cticas pueden aportar, ayud\u00e1ndonos a vivir con m\u00e1s plenitud, serenidad y salud. Nuestros talleres [&hellip;]<\/p>\n","protected":false},"author":1,"featured_media":0,"parent":0,"menu_order":0,"comment_status":"closed","ping_status":"closed","template":"","meta":{"_et_pb_use_builder":"on","_et_pb_old_content":"","_et_gb_content_width":"","footnotes":""},"class_list":["post-73","page","type-page","status-publish","hentry"],"_links":{"self":[{"href":"https:\/\/www.anukampamindfulness.es\/index.php\/wp-json\/wp\/v2\/pages\/73","targetHints":{"allow":["GET"]}}],"collection":[{"href":"https:\/\/www.anukampamindfulness.es\/index.php\/wp-json\/wp\/v2\/pages"}],"about":[{"href":"https:\/\/www.anukampamindfulness.es\/index.php\/wp-json\/wp\/v2\/types\/page"}],"author":[{"embeddable":true,"href":"https:\/\/www.anukampamindfulness.es\/index.php\/wp-json\/wp\/v2\/users\/1"}],"replies":[{"embeddable":true,"href":"https:\/\/www.anukampamindfulness.es\/index.php\/wp-json\/wp\/v2\/comments?post=73"}],"version-history":[{"count":7,"href":"https:\/\/www.anukampamindfulness.es\/index.php\/wp-json\/wp\/v2\/pages\/73\/revisions"}],"predecessor-version":[{"id":179,"href":"https:\/\/www.anukampamindfulness.es\/index.php\/wp-json\/wp\/v2\/pages\/73\/revisions\/179"}],"wp:attachment":[{"href":"https:\/\/www.anukampamindfulness.es\/index.php\/wp-json\/wp\/v2\/media?parent=73"}],"curies":[{"name":"wp","href":"https:\/\/api.w.org\/{rel}","templated":true}]}}